**2 - 11*u + 17. Let o be n(-12). Determine w(o).
0
Let y(v) be the third derivative of 1/12*v**5 - 7/24*v**4 + 1/120*v**6 + 0*v + 0 + 3*v**2 - 4/3*v**3. Calculate y(-6).
-2
Let r(q) = -24*q + 3 + 11 + 22*q - 2. Calculate r(7).
-2
Let k(b) = 6543*b + 0*b**3 - 6*b**2 - 3*b**2 + b**3 - 6550*b + 4. What is k(10)?
34
Let m(o) = -7*o + 5 - 12*o + 2*o. Let j(d) = 27 - 14 - 16 + 6*d - 4*d + 7*d. Let p(w) = 11*j(w) + 6*m(w). Determine p(-2).
3
Let a(u) = u**2 - 7*u + 15. Let v = 48 + -44. Let j be a(v). Let f(c) = c**3 - 3*c**2 - 3*c. Give f(j).
-9
Let p(m) = -4*m**3 + 9*m**2 + 15*m - 16. Let a(w) = -5*w**3 + 10*w**2 + 16*w - 17. Let x(f) = -3*a(f) + 4*p(f). Calculate x(7).
22
Let k(g) = -g**3 - 18*g**2 - 16*g + 13. Let y = -67 + 50. Let d be k(y). Let o(m) = -m + 4. Determine o(d).
8
Let q = 18 - 28. Let k be ((-8)/(-20))/((-2)/q). Let v(c) = k - 4 + 5 + c. Calculate v(5).
8
Let t(h) = 56 - 27 - 8*h**3 - 28. What is t(-1)?
9
Let r(k) be the first derivative of 1/120*k**6 - 2*k**2 + 2/15*k**5 - 2 + 0*k + 1/6*k**3 + 1/4*k**4. Let w(d) be the second derivative of r(d). What is w(-7)?
8
Let t(c) = -3*c + c + 180 - 382 + 191. Determine t(-4).
-3
Let z(g) = -17*g**3. Suppose 0 = f + y + 3, -36 + 31 = -5*f + 5*y. Determine z(f).
17
Let a = 14 - 19. Let g(s) be the second derivative of -5*s**3/6 - 4*s**2 - 6*s. Let k(u) = 4*u + 7. Let v(p) = 5*g(p) + 6*k(p). What is v(a)?
7
Let h(m) = -2*m**2 + 20*m - 18. Let b(i) = -i**2 + 10*i - 8. Let y(r) = 5*b(r) - 2*h(r). Calculate y(10).
-4
Suppose 4*c - 30 = 2. Let b be c/(-6)*(-45)/60. Let k(d) = 6*d**3 + d**2 - d. Determine k(b).
6
Let b(h) = 3*h**2 + 3*h + 1. Suppose -q = 4*a - 2, -2*q = -7*q + 5*a + 10. Suppose 0 = k + 3*j - 10, k = -4*k - 3*j + q. What is b(k)?
7
Let l(a) = 2*a - 16*a**2 - 4*a**2 + 17*a**2 + 4 + a**3. Determine l(3).
10
Suppose 62*u = 105*u - 172. Let p(q) be the third derivative of 0 + 0*q - 10*q**2 + 1/24*q**u + 4/3*q**3. Give p(-7).
1
Let i(j) be the first derivative of 9*j**4/2 + 262. Calculate i(-1).
-18
Suppose 3*q + 1 = 7. Let c(m) = m**3 + 3 + 75*m**2 - 5*m - 70*m**q + 1. Let v = -4 - 2. Give c(v).
-2
Let o(b) = -30*b + 30*b - 2 - 12*b + 4*b**2. Let d(y) = -y**2 + 4*y + 1. Let r(n) = 7*d(n) + 2*o(n). Calculate r(-4).
3
Let m be 5*(-6 - -2)/(180/(-18)). Let a be (-7)/2*(-4 + 2). Let r(j) = j - 169*j**m + 2 - a + 170*j**2 + 1. What is r(-4)?
8
Let g(i) = -i**3 + 2*i**2 + i. Let h be g(2). Let j(f) = 4*f - 3*f + f - h. Let u = 691 + -687. Determine j(u).
6
Let z(g) be the third derivative of g**5/60 - 7*g**4/12 - 3*g**3 + 4*g**2 + 60. Give z(14).
-18
Let i(k) = 2*k**3 - 4*k**2 - 3*k - 3. Let m be i(3). Let o(u) = 2*u**2 - u - 1 - 7*u - 1. Calculate o(m).
22
Let o be (-24)/32 + (-23)/(-4). Let g(l) be the second derivative of -o*l - 3/20*l**5 + 0*l**3 - 1/2*l**2 + 1/6*l**4 + 0. Determine g(1).
-2
Suppose -4*w = 4*l, 5*l - 7*w + 3*w = 45. Let i(y) = y**3 + 2*y**2 + 9 + 2 - 5*y**2 - l*y**2. Give i(8).
11
Suppose -8*t - 43 = 13. Let h(o) = o**2 + 5*o - 12. Determine h(t).
2
Let h(b) = -15*b + 60. Let p be h(4). Let i(o) be the first derivative of p*o - 5 + 5/2*o**2. Calculate i(2).
10
Let w be 23/(-5)*-1 + 3/(-5). Suppose 7*z - 3 = w*z. Let k(p) = 3*p + 1. What is k(z)?
4
Let j(u) = -u**3 + 4*u**2 + 13*u - 12. Suppose 5*l - 21 = 4, 0 = -4*n - l + 29. Let w be j(n). Let b(i) = -i**2 - 6*i - 6. Determine b(w).
-6
Let t(i) = i**2 - 7*i - 2. Let o(s) = 7*s + 119. Let l be o(-16). Calculate t(l).
-2
Let u be 10/(-2) + (2 - 114). Let y = u - -116. Let b(v) = 10*v**2 - 2*v - 1. Determine b(y).
11
Let h(r) = -5*r - 14. Let m(s) = -s**2 - 4*s - 2. Let y be m(-5). Let j = 13 + y. Let c(i) = i + 1. Let o(g) = j*c(g) + h(g). Determine o(6).
-2
Suppose -4*d = -12*d - 24. Let b(m) = -4*m - 1. Let s(l) = -17*l - 5. Let f(q) = 9*b(q) - 2*s(q). Give f(d).
7
Let r = 1166 - 1163. Let y(b) be the second derivative of -1/20*b**5 + 1/6*b**r + 0 + 1/6*b**4 - 1/2*b**2 - 5*b. Determine y(2).
1
Let w(s) = -10*s**2 - 4*s - 3. Let u(i) = -35*i + 663. Let l be u(19). Calculate w(l).
-35
Let k(c) be the first derivative of -c**3/6 - 5*c**2/2 + 25*c - 24. Let n(t) be the first derivative of k(t). What is n(0)?
-5
Let f(i) = -i**3 + i + 1. Let t(r) = -r**2 + r. Let n(s) = -6*s**2 + 11*s - 7. Let d(u) = n(u) - 5*t(u). Let a be d(5). Determine f(a).
7
Let w(s) = -s**3 + 4*s**2 + 2*s - 3. Let t be (10/8)/(-1) - (-126)/24. Calculate w(t).
5
Let l(c) = 9*c**2 + c. Let i(t) = -4*t - 3. Let o be i(-2). Suppose 2 = -o*s - 5*k - 18, 4*s - 8 = 4*k. Give l(s).
8
Let j(g) = g**2 + 3*g + 3. Suppose -28 = -33*w + 31*w. Suppose 0*p = -7*p - w. Determine j(p).
1
Let z = 314 - 309. Let o(x) = -x**2 + 6*x - 7. Determine o(z).
-2
Let n(y) = -y**2 - 9*y - 13. Let s = 583 + -590. Determine n(s).
1
Let o be -1 + 3 + -4 - -4. Let z be 300/21 + o/(-7). Let m(k) = -z + 5 + 3*k + 7 - k**2 + 2*k. What is m(4)?
2
Let y(z) = 6*z. Let g(t) = t**3 - 9*t**2 + 9*t - 10. Let s be g(8). What is y(s)?
-12
Let x(a) = -a**2 - 6*a - 4. Suppose -3*y = -3*z + 27, -4*y + 6 - 34 = -2*z. Calculate x(y).
1
Let f(k) = -8*k - 40. Let s(j) = j - 3. Let l be s(12). Let t(i) = -2*i - 10. Let u(o) = l*t(o) - 2*f(o). Calculate u(-7).
4
Let k(c) = -1671*c + 6 + 0 - 1670*c + 3343*c - c**2. What is k(-4)?
-18
Let q(n) = 2*n**3 - 2*n**2 + 4*n - 7. Let r(a) = -5*a**3 + 6*a**2 - 8*a + 15. Let l(p) = -7*q(p) - 3*r(p). What is l(5)?
9
Suppose y - 2*y = 9. Let i(a) = -a**2 - 9*a - 7. Let o(k) = -3*k**2 - 27*k - 29. Let c(p) = 7*i(p) - 2*o(p). Calculate c(y).
9
Let y(o) = o - 1. Let z be y(4). Let p(i) = 6*i**2 - 32*i - 1. Let c(t) = t**2 - 5*t. Let f(k) = 13*c(k) - 2*p(k). Give f(z).
8
Let m(y) = -y**2 + 6*y + 1. Let d = -13 - -20. Suppose 3*r + 3*w - 21 = 0, 2*w - d = -9. Determine m(r).
-15
Let q(w) = -25*w**2 + 17*w - 15. Let u(x) = 54*x**2 - 35*x + 30. Let h(m) = 13*q(m) + 6*u(m). Calculate h(11).
-15
Let i(u) be the third derivative of -u**5/60 - 5*u**4/24 - u**3 + 35*u**2 - u. Calculate i(-5).
-6
Suppose 0 = -2*k + 1 + 3. Suppose k*i = -i + 2*z, 0 = -5*i + 5*z. Let c(u) = u - 8. Give c(i).
-8
Let t(k) = -k**3 + 6*k**2 - 2*k - 6. Suppose 13*h + 59 = 124. Calculate t(h).
9
Let i(q) be the second derivative of -q**3/6 + q**2/2 + q - 1. Give i(3).
-2
Let l(c) = -32 + c - 19 + c - c**2 + 58. Determine l(5).
-8
Suppose 0*g + 65 = 5*g. Let k = -20 + g. Let j(i) = -i**2 - 8*i - 4. Calculate j(k).
3
Let a(h) = 2*h - 4. Let d be a(2). Suppose 40 = 10*s - d. Let z(f) = -f**3 + 3*f**2 + 7*f - 6. What is z(s)?
6
Let a(c) = c - 1. Suppose -i + 5 + 5 = 0. Let w be a(i). Let t(b) = -b. Give t(w).
-9
Let i(o) be the third derivative of -o**5/60 - o**4/6 + 2*o**3/3 + 11*o**2. Let s(b) = b + 1. Let d(w) = -i(w) - 2*s(w). Determine d(-5).
9
Let r(d) = d**3 + 4*d**2 - 2*d - 2. Let y be r(-3). Suppose 4*t + 2*p = -54, 6*t - 2*p - 12 = 7*t. Let f = t + y. Let g(k) = 6*k**2 - k - 1. Give g(f).
6
Let y(d) = -d**2 + 3*d + 11. Suppose 12*p + a = 8*p - 29, -3*p - 21 = a. Give y(p).
-77
Let h(t) = -12*t - 28. Let r be (-7)/(-2)*(3 + 17/(-7)). Let y(v) = 4*v + 9. Let k(u) = r*h(u) + 7*y(u). What is k(-6)?
-17
Suppose 0 = -6*k - 11*k + 17. Let n(h) = 481*h - 484*h - 3 + k - 2*h**2. Calculate n(-4).
-22
Suppose 5*o - 5*m + 5 + 10 = 0, 0 = 4*o + 3*m - 16. Suppose 2*l + u + 4*u + o = 0, -5*u + 5 = 0. Let v(n) = n**2 - n + 4. What is v(l)?
16
Let s(a) = -a**3 - a**2 + a + 3. Suppose i = 2*i. Suppose -v + 5*v = i. What is s(v)?
3
Let d be ((-138)/(-4))/(-2 - (-22)/8). Suppose d = 5*f + 2*l, -l + 3*l + 26 = 4*f. Let j(k) = k**2 - 7*k - 10. Give j(f).
-2
Let v(k) = 6*k**2 + 6*k + 7*k**2 - 6*k**2 + k**3 + 5. Let t = -420 - -414. What is v(t)?
5
Let q(t) = 8*t + 2. Let p = 138 + -140. Give q(p).
-14
Let y(g) = -5*g**3 + 3*g**2 + 2*g - 3. Let c(l) = 9*l**3 - 5*l**2 - 3*l + 6. Let w(z) = -4*c(z) - 7*y(z). Give w(-3).
21
Let l(p) = -15*p + 4. Let k(v) = -2*v + 2. Let i(u) = 3*k(u) - l(u). Determine i(6).
56
Let v(m) = m**3 + m**2 + 4. Suppose 7*w + 4 = 5*w, 0 = -3*h + 4*w + 14. Suppose 0*p = h*p + 4*p. What is v(p)?
4
Let o(y) = -5*y - 6. Let k be o(-3). Suppose 2*l = l + k. Suppose 0 = 3*m - 0*m + l. Let r(n) = -n**3 - 2*n**2 + 2*n. Give r(m).
3
Let h(p) = -2*p - 8*p**2 - 1 + p**3 + 0*p + 8*p. Let w(s) = s**2 - 48*s + 294. Let l be w(41). What is h(l)?
-8
Suppose 2*h - 4*v - 78 = 0, 0 = -4*h + 2*h + 2*v + 88. Let t 